actor of 2272 and 8896.
32
What is the highest common factor of 170010 and 270?
90
What is the highest common factor of 14700 and 39396?
588
Calculate the greatest common divisor of 370 and 9190.
10
What is the highest common factor of 20562 and 101154?
138
What is the highest common factor of 23638 and 22?
2
Calculate the highest common divisor of 806316 and 87.
87
Calculate the greatest common factor of 202719 and 99.
33
Calculate the greatest common divisor of 12594 and 1212.
6
Calculate the greatest common divisor of 3 and 5109.
3
Calculate the highest common factor of 1485 and 497365.
55
What is the greatest common factor of 15782 and 2106?
26
Calculate the highest common divisor of 46 and 1716743.
23
What is the highest common factor of 1311 and 3648?
57
Calculate the greatest common factor of 24 and 21768.
24
What is the highest common divisor of 6912327 and 453?
453
Calculate the highest common divisor of 5056 and 3776.
64
Calculate the greatest common factor of 4966 and 9854.
26
Calculate the highest common factor of 20937 and 63.
21
Calculate the greatest common factor of 330231 and 88.
11
What is the highest common divisor of 13181 and 246404?
269
What is the highest common factor of 738218 and 26?
26
What is the greatest common divisor of 16472 and 1900457?
2059
Calculate the highest common factor of 16113 and 164.
41
Calculate the greatest common divisor of 32409 and 1053.
117
What is the greatest common divisor of 7456 and 37056?
32
Calculate the greatest common factor of 121691 and 340068.
1667
Calculate the greatest common divisor of 234666 and 12.
6
Calculate the greatest common divisor of 1135176 and 672.
168
What is the highest common factor of 1380 and 689540?
460
What is the highest common divisor of 4 and 48550?
2
What is the greatest common factor of 45780 and 14820?
60
Calculate the greatest common factor of 10 and 278152.
2
Calculate the greatest common divisor of 101632 and 19850.
794
What is the greatest common factor of 43227 and 216?
27
What is the greatest common factor of 42360 and 810?
30
What is the highest common divisor of 249 and 223187?
83
Calculate the highest common factor of 2425 and 150.
25
Calculate the greatest common divisor of 100 and 112400.
100
What is the highest common factor of 90 and 1935?
45
Calculate the highest common factor of 2208 and 11408.
368
What is the highest common divisor of 3175 and 889?
127
What is the highest common factor of 26712 and 3528?
504
Calculate the greatest common divisor of 4308 and 36852.
12
Calculate the highest common divisor of 1566 and 3074.
58
Calculate the greatest common divisor of 400358 and 14.
14
What is the greatest common divisor of 108 and 1512054?
54
What is the highest common divisor of 27846 and 2210?
442
What is the greatest common factor of 77508 and 36?
36
What is the greatest common factor of 33066 and 90?
18
Calculate the highest common divisor of 2892253 and 518.
259
Calculate the greatest common divisor of 16 and 136624.
16
Calculate the highest common divisor of 860 and 750436.
172
Calculate the highest common divisor of 35 and 5210.
5
What is the highest common factor of 360 and 605700?
180
Calculate the highest common divisor of 63771 and 261.
87
What is the greatest common factor of 7 and 44261?
7
What is the greatest common factor of 104 and 322088?
104
Calculate the greatest common divisor of 1208725 and 175.
175
What is the highest common divisor of 730 and 5?
5
What is the greatest common factor of 7313 and 4738?
103
Calculate the highest common divisor of 123027 and 7521.
69
Calculate the greatest common divisor of 2058 and 1974.
42
Calculate the highest common factor of 25 and 5051.
1
Calculate the highest common divisor of 96271 and 1547.
119
What is the highest common divisor of 76 and 447450?
38
What is the highest common factor of 739196 and 1959?
653
What is the highest common factor of 298302 and 498?
498
Calculate the greatest common divisor of 4081 and 385.
77
What is the highest common divisor of 211796 and 104?
52
Calculate the highest common divisor of 6 and 1172019.
3
What is the greatest common factor of 585932 and 428?
428
Calculate the greatest common factor of 2907 and 1292.
323
What is the highest common divisor of 126260 and 147500?
1180
What is the highest common factor of 240 and 48540?
60
What is the greatest common divisor of 1491 and 14058?
213
What is the greatest common factor of 44217 and 9?
9
Calculate the highest common divisor of 191424 and 5568.
192
Calculate the highest common factor of 12560053 and 341.
341
Calculate the highest common factor of 6989 and 87.
29
What is the highest common factor of 59 and 64487?
59
What is the greatest common divisor of 4991 and 13524?
161
What is the highest common divisor of 36390 and 153?
3
What is the greatest common factor of 657 and 3504?
219
What is the greatest common factor of 13585 and 1140?
95
Calculate the greatest common factor of 1596 and 1080.
12
What is the greatest common divisor of 278841 and 369?
123
Calculate the greatest common divisor of 357 and 10479.
21
What is the highest common divisor of 2952 and 1638729?
369
What is the greatest common divisor of 4887 and 216?
27
Calculate the greatest common factor of 444171 and 8463.
273
Calculate the greatest common factor of 142171 and 17.
17
Calculate the highest common factor of 36427 and 1606.
73
What is the highest common factor of 14 and 421813?
7
Calculate the highest common factor of 1311 and 48553.
23
What is the greatest common divisor of 13146 and 12520?
626
Calculate the greatest common divisor of 52 and 52169.
13
What is the greatest common divisor of 38 and 23642?
2
What is the greatest common divisor of 16 and 2736616?
8
Calculate the greatest common factor of 321 and 1455.
3
Calculate the greatest common factor of 8629 and 5.
1
What is the greatest common divisor of 1208 and 104?
8
Calculate the greatest common factor of 390 and 182715.
195
Calculate the highest common factor of 316 and 452.
4
What is the greatest common divisor of 930 and 7290?
30
What is the highest common divisor of 7337 and 30624?
319
What is the greatest common divisor of 10561 and 1357?
59
What is the greatest common divisor of 3620 and 280?
20
What is the highest common factor of 14994 and 448?
14
What is the highest common factor of 66097 and 314?
157
What is the highest common factor of 673 and 1341289?
673
What is the highest common divisor of 1188860 and 20?
20
Calculate the highest common divisor of 5346 and 4950.
198
What is the greatest common factor of 186369 and 16169?
851
Calculate the greatest common divisor of 240 and 6972.
12
What is the greatest common divisor of 5205 and 1695?
15
What is the greatest common factor of 496675 and 75?
25
Calculate the highest common factor of 12103686 and 1764.
882
Calculate the highest common divisor of 40 and 25448.
8
What is the greatest common factor of 438 and 514066?
146
What is the greatest common factor of 474240 and 10830?
570
What is the greatest common factor of 8376 and 7272?
24
Calculate the greatest common factor of 46331 and 76641.
433
Calculate the greatest common divisor of 4 and 8812.
4
Calculate the greatest common divisor of 158869 and 1738.
79
Calculate the highest common factor of 237366 and 18.
18
Calculate the highest common divisor of 238 and 8753878.
238
Calculate the greatest common divisor of 204559 and 3370.
337
Calculate the highest common divisor of 19045 and 299.
13
What is the highest common factor of 5682 and 114?
6
What is the highest common divisor of 36774 and 162?
162
What is the greatest common divisor of 49101 and 156?
39
Calculate the highest common factor of 101028 and 252.
12
Calculate the highest common factor of 15810 and 51.
51
What is the highest common factor of 680 and 2120?
40
What is the highest common divisor of 5 and 321449?
1
Calculate the greatest common divisor of 103778 and 646.
38
What is the greatest common factor of 147742 and 122?
122
What is the greatest common divisor of 2479414 and 14?
14
Calculate the greatest common divisor of 43381 and 17108.
611
Calculate the highest common factor of 3294130 and 140.
70
What is the greatest common factor of 336 and 1218?
42
Calculate the greatest common factor of 10